{"id":494145,"date":"2016-01-05T16:47:13","date_gmt":"2016-01-05T14:47:13","guid":{"rendered":"http:\/\/www.redfair.de\/?page_id=494145"},"modified":"2017-08-18T09:46:19","modified_gmt":"2017-08-18T07:46:19","slug":"das-ist-fair","status":"publish","type":"page","link":"https:\/\/nk-altteile.5477453031063.hostingkunde.de\/?page_id=494145&lang=de","title":{"rendered":"Das ist fair"},"content":{"rendered":"<div style=\"float: left; clear: both;\"><img src=\"http:\/\/www.redfair.de\/wp-content\/uploads\/2016\/02\/nkREDfair_box-300x190.jpg\" alt=\"REDfair_box\" width=\"300\" height=\"190\" class=\"alignnone size-medium wp-image-494257\"\/><\/div>\n<div>\n<h1>OHNE Pfand \u2013 das ist fair!<\/h1>\n<p>Mit NK THE RELIABLE PART kaufen Sie Ihre Lichtmaschinen oder Anlasser ohne Pfand. Sie haben somit nun erstmals die einfache M\u00f6glichkeit, Ihre Altteile wieder direkt an den Instandsetzer zur\u00fcck zu verkaufen. Nicht zum Schrottwert, sondern zu einem wirklich fairen Preis!<\/p>\n<p>Damit lohnt sich die Instandsetzung alter Aggregate nicht nur f\u00fcr die Umwelt, sondern vor allem auch f\u00fcr Sie!<\/p>\n<\/div>\n<div style=\"clear: both;\"><\/div>\n<div style=\"float: left;\"><img loading=\"lazy\" class=\"alignnone size-medium wp-image-494212\" src=\"http:\/\/www.redfair.de\/wp-content\/uploads\/2016\/02\/Schritt_1-300x108.jpg\" alt=\"Schritt_1\" width=\"300\" height=\"108\" srcset=\"https:\/\/nk-altteile.5477453031063.hostingkunde.de\/wp-content\/uploads\/sites\/10\/2016\/02\/Schritt_1-300x108.jpg 300w, https:\/\/nk-altteile.5477453031063.hostingkunde.de\/wp-content\/uploads\/sites\/10\/2016\/02\/Schritt_1-160x58.jpg 160w, https:\/\/nk-altteile.5477453031063.hostingkunde.de\/wp-content\/uploads\/sites\/10\/2016\/02\/Schritt_1-120x43.jpg 120w, https:\/\/nk-altteile.5477453031063.hostingkunde.de\/wp-content\/uploads\/sites\/10\/2016\/02\/Schritt_1.jpg 303w\" sizes=\"(max-width: 300px) 100vw, 300px\" \/><\/div>\n<div>\n<p>Bestellen Sie bei NK THE RELIABLE PART Ihre Anlasser und Lichtmaschinen. Ihre ausgebauten Aggregate k\u00f6nnen Sie nun direkt an NK THE RELIABLE PART zur\u00fcck verkaufen.<\/p>\n<\/div>\n<div style=\"clear: both;\"><\/div>\n<div style=\"float: left;\"><img 0=\"img\" class=\"alignnone size-medium wp-image-494212\" src=\"http:\/\/www.redfair.de\/wp-content\/uploads\/2016\/02\/nkSchritte2-300x108.jpg\" alt=\"Schritt_2\" width=\"300\" height=\"108\"\/><\/div>\n<div>\n<p>Geben Sie auf dieser Website die NK THE RELIABLE PART-Artikelnummern an. W\u00e4hlen Sie die entsprechende OE-Nummer des ausgebauten Aggregats aus. Sobald Sie 5 Aggregate gesammelt haben, k\u00f6nnen Sie die Versandpapiere ausdrucken.<\/p>\n<\/div>\n<div style=\"clear: both;\"><\/div>\n<div style=\"float: left;\"><img class=\"alignnone size-medium wp-image-494212\" src=\"http:\/\/www.redfair.de\/wp-content\/uploads\/2016\/02\/nkSchritt_3-300x108.jpg\" alt=\"Schritt_3\" width=\"300\" height=\"108\"\/><\/div>\n<div>\n<p>Senden Sie Ihre Aggregate in unseren Originalkartons zur\u00fcck an NK THE RELIABLE PART. <strong>F\u00fcr jede Sendung ab 5 Aggregaten bzw. ab 25 kg \u00fcbernehmen wir die Versandkosten.<\/strong> Nicht vergessen, die ausgedruckten Versandpapiere beizulegen!<\/p>\n<\/div>\n<div style=\"clear: both;\"><\/div>\n<div style=\"float: left;\"><img loading=\"lazy\" class=\"alignnone size-medium wp-image-494212\" src=\"http:\/\/www.redfair.de\/wp-content\/uploads\/2016\/02\/Schritt_4-300x108.jpg\" alt=\"Schritt_4\" width=\"300\" height=\"108\" \/><\/div>\n<div>\n<p>Wir pr\u00fcfen Ihre eingegangenen Altteile anhand unserer Altteilkriterien \u2013 f\u00fcr Sie <a href=\"http:\/\/www.redfair.de\/altteilkriterien\/\">hier einsehbar<\/a>. Innerhalb weniger Tage \u00fcberweisen wir Ihnen den vereinbarten Ankaufspreis. <strong>Fairer geht es nicht!<\/strong><\/p>\n<\/div>\n","protected":false},"excerpt":{"rendered":"<p>OHNE Pfand \u2013 das ist fair! Mit kaufen Sie Ihre Lichtmaschinen oder Anlasser ohne Pfand. Sie haben somit nun erstmals die einfache M\u00f6glichkeit, Ihre Altteile wieder direkt an den Instandsetzer zur\u00fcck zu verkaufen. Nicht zum Schrottwert, sondern zu einem wirklich fairen Preis! Damit lohnt sich die Instandsetzung alter Aggregate nicht nur f\u00fcr die Umwelt, sondern [&hellip;]<\/p>\n","protected":false},"author":1,"featured_media":0,"parent":0,"menu_order":0,"comment_status":"closed","ping_status":"closed","template":"","meta":[],"tags":[],"yoast_head":"<!-- This site is optimized with the Yoast SEO plugin v14.8.1 - https:\/\/yoast.com\/wordpress\/plugins\/seo\/ -->\n<meta name=\"robots\" content=\"noindex, follow\" \/>\n<meta property=\"og:locale\" content=\"en_US\" \/>\n<meta property=\"og:type\" content=\"article\" \/>\n<meta property=\"og:title\" content=\"Das ist fair - NK-Altteile\" \/>\n<meta property=\"og:description\" content=\"OHNE Pfand \u2013 das ist fair! Mit kaufen Sie Ihre Lichtmaschinen oder Anlasser ohne Pfand. Sie haben somit nun erstmals die einfache M\u00f6glichkeit, Ihre Altteile wieder direkt an den Instandsetzer zur\u00fcck zu verkaufen. Nicht zum Schrottwert, sondern zu einem wirklich fairen Preis! Damit lohnt sich die Instandsetzung alter Aggregate nicht nur f\u00fcr die Umwelt, sondern [&hellip;]\" \/>\n<meta property=\"og:url\" content=\"https:\/\/nk-altteile.5477453031063.hostingkunde.de\/?page_id=494145&amp;lang=de\" \/>\n<meta property=\"og:site_name\" content=\"NK-Altteile\" \/>\n<meta property=\"article:modified_time\" content=\"2017-08-18T07:46:19+00:00\" \/>\n<meta property=\"og:image\" content=\"http:\/\/www.redfair.de\/wp-content\/uploads\/2016\/02\/Schritt_1-300x108.jpg\" \/>\n<meta name=\"twitter:card\" content=\"summary_large_image\" \/>\n<script type=\"application\/ld+json\" class=\"yoast-schema-graph\">{\"@context\":\"https:\/\/schema.org\",\"@graph\":[{\"@type\":\"WebSite\",\"@id\":\"https:\/\/nk-altteile.5477453031063.hostingkunde.de\/#website\",\"url\":\"https:\/\/nk-altteile.5477453031063.hostingkunde.de\/\",\"name\":\"NK-Altteile\",\"description\":\"Wir kaufen Altteile wie Anlasser und Lichtmaschinen an\",\"potentialAction\":[{\"@type\":\"SearchAction\",\"target\":\"https:\/\/nk-altteile.5477453031063.hostingkunde.de\/?s={search_term_string}\",\"query-input\":\"required name=search_term_string\"}],\"inLanguage\":\"de\"},{\"@type\":\"ImageObject\",\"@id\":\"https:\/\/nk-altteile.5477453031063.hostingkunde.de\/?page_id=494145&lang=de#primaryimage\",\"inLanguage\":\"de\",\"url\":\"http:\/\/www.redfair.de\/wp-content\/uploads\/2016\/02\/Schritt_1-300x108.jpg\"},{\"@type\":\"WebPage\",\"@id\":\"https:\/\/nk-altteile.5477453031063.hostingkunde.de\/?page_id=494145&lang=de#webpage\",\"url\":\"https:\/\/nk-altteile.5477453031063.hostingkunde.de\/?page_id=494145&lang=de\",\"name\":\"Das ist fair - NK-Altteile\",\"isPartOf\":{\"@id\":\"https:\/\/nk-altteile.5477453031063.hostingkunde.de\/#website\"},\"primaryImageOfPage\":{\"@id\":\"https:\/\/nk-altteile.5477453031063.hostingkunde.de\/?page_id=494145&lang=de#primaryimage\"},\"datePublished\":\"2016-01-05T14:47:13+00:00\",\"dateModified\":\"2017-08-18T07:46:19+00:00\",\"inLanguage\":\"de\",\"potentialAction\":[{\"@type\":\"ReadAction\",\"target\":[\"https:\/\/nk-altteile.5477453031063.hostingkunde.de\/?page_id=494145&lang=de\"]}]}]}<\/script>\n<!-- \/ Yoast SEO plugin. -->","_links":{"self":[{"href":"https:\/\/nk-altteile.5477453031063.hostingkunde.de\/index.php?rest_route=\/wp\/v2\/pages\/494145"}],"collection":[{"href":"https:\/\/nk-altteile.5477453031063.hostingkunde.de\/index.php?rest_route=\/wp\/v2\/pages"}],"about":[{"href":"https:\/\/nk-altteile.5477453031063.hostingkunde.de\/index.php?rest_route=\/wp\/v2\/types\/page"}],"author":[{"embeddable":true,"href":"https:\/\/nk-altteile.5477453031063.hostingkunde.de\/index.php?rest_route=\/wp\/v2\/users\/1"}],"replies":[{"embeddable":true,"href":"https:\/\/nk-altteile.5477453031063.hostingkunde.de\/index.php?rest_route=%2Fwp%2Fv2%2Fcomments&post=494145"}],"version-history":[{"count":413,"href":"https:\/\/nk-altteile.5477453031063.hostingkunde.de\/index.php?rest_route=\/wp\/v2\/pages\/494145\/revisions"}],"predecessor-version":[{"id":500595,"href":"https:\/\/nk-altteile.5477453031063.hostingkunde.de\/index.php?rest_route=\/wp\/v2\/pages\/494145\/revisions\/500595"}],"wp:attachment":[{"href":"https:\/\/nk-altteile.5477453031063.hostingkunde.de\/index.php?rest_route=%2Fwp%2Fv2%2Fmedia&parent=494145"}],"wp:term":[{"taxonomy":"post_tag","embeddable":true,"href":"https:\/\/nk-altteile.5477453031063.hostingkunde.de\/index.php?rest_route=%2Fwp%2Fv2%2Ftags&post=494145"}],"curies":[{"name":"wp","href":"https:\/\/api.w.org\/{rel}","templated":true}]}}